{"id":414,"date":"2025-09-19T11:29:47","date_gmt":"2025-09-19T09:29:47","guid":{"rendered":"https:\/\/www.uta-formation.com\/?page_id=414"},"modified":"2026-03-20T23:59:51","modified_gmt":"2026-03-20T22:59:51","slug":"imperium-by-uta","status":"publish","type":"page","link":"https:\/\/www.uta-formation.com\/index.php\/imperium-by-uta\/","title":{"rendered":"IMPERIUM"},"content":{"rendered":"\n\n\n\n\n\n\n\n\n\n\n\n\n\n\n\n\n\n\n\n\n\n\n\n\n\n\n\n","protected":false},"excerpt":{"rendered":"","protected":false},"author":1,"featured_media":0,"parent":0,"menu_order":0,"comment_status":"closed","ping_status":"closed","template":"full-width","meta":{"saved_in_kubio":true,"footnotes":""},"class_list":["post-414","page","type-page","status-publish","hentry"],"kubio_ai_page_context":{"short_desc":"Il proposera un service de robot de trading de niveau institutionnel. Facile \u00e0 installer, totalement passif et tr\u00e8s s\u00e9curiser. Il est calibrer pour passer les concours Prop Firm.","purpose":"general","isFrontPage":false},"_links":{"self":[{"href":"https:\/\/www.uta-formation.com\/index.php\/wp-json\/wp\/v2\/pages\/414","targetHints":{"allow":["GET"]}}],"collection":[{"href":"https:\/\/www.uta-formation.com\/index.php\/wp-json\/wp\/v2\/pages"}],"about":[{"href":"https:\/\/www.uta-formation.com\/index.php\/wp-json\/wp\/v2\/types\/page"}],"author":[{"embeddable":true,"href":"https:\/\/www.uta-formation.com\/index.php\/wp-json\/wp\/v2\/users\/1"}],"replies":[{"embeddable":true,"href":"https:\/\/www.uta-formation.com\/index.php\/wp-json\/wp\/v2\/comments?post=414"}],"version-history":[{"count":272,"href":"https:\/\/www.uta-formation.com\/index.php\/wp-json\/wp\/v2\/pages\/414\/revisions"}],"predecessor-version":[{"id":1075,"href":"https:\/\/www.uta-formation.com\/index.php\/wp-json\/wp\/v2\/pages\/414\/revisions\/1075"}],"wp:attachment":[{"href":"https:\/\/www.uta-formation.com\/index.php\/wp-json\/wp\/v2\/media?parent=414"}],"curies":[{"name":"wp","href":"https:\/\/api.w.org\/{rel}","templated":true}]}}